2*r**2 + 24*r - 118. Calculate m(9).
-64
Let s(t) = t**3 + 8*t**2 - 9*t + 7. Determine s(-9).
7
Let i(z) = -12*z - 104. What is i(-9)?
4
Let n(g) = -g**3 + 7*g**2 - 9*g + 9. Determine n(7).
-54
Let f(i) = -i**2 - 7*i + 20. Determine f(-9).
2
Let s(q) = -q**3 - 13*q**2 - q + 32. Determine s(-13).
45
Let k(h) = h**2 - 2. Determine k(0).
-2
Let o(c) = -10*c**2 + 30*c. What is o(3)?
0
Let f(z) = -87*z + 1. Calculate f(-1).
88
Let d(v) = v**3 + 6*v**2 - 4*v - 32. Calculate d(-4).
16
Let m(f) = 3*f**2 + 5*f + 4. Calculate m(-4).
32
Let d(g) = 20*g + 114. Give d(-4).
34
Let s(o) = -4*o - 15. Calculate s(-6).
9
Let r(l) = l + 6. Determine r(-8).
-2
Let y(u) = u**2 + 12*u - 12. What is y(-13)?
1
Let r(g) = 5*g + 2. What is r(2)?
12
Let l(p) = p**2 + 14*p - 35. Give l(-11).
-68
Let u(i) = -i**3 - 8*i**2 - 23*i - 17. Give u(-5).
23
Let u(q) = -4*q**2 - 87*q + 29. Give u(-22).
7
Let t(a) = -24*a**2 - 2*a - 2. Determine t(-1).
-24
Let j(a) = -a**2 + 7*a + 15. Calculate j(9).
-3
Let g(m) = m**2 - 18*m + 31. Calculate g(16).
-1
Let a(x) = -6*x - 16. Calculate a(8).
-64
Let d(r) = -r - 15. What is d(-15)?
0
Let z(i) = 18*i - 468. Give z(25).
-18
Let j(x) = -7*x + 49. Determine j(8).
-7
Let s(z) = -3*z**2 - 40*z + 9. Calculate s(-9).
126
Let y(d) = d**3 - 34*d**2 - d + 4. Determine y(34).
-30
Let o(m) = -m**3 + 14*m**2 - 4*m + 55. Calculate o(14).
-1
Let x(q) = -38*q**3 - 3*q - 4. Give x(-1).
37
Let b(y) = y**3 - 15*y**2 - 52*y - 43. What is b(18)?
-7
Let m(z) = -z**2 - 2*z + 1. Calculate m(3).
-14
Let o(b) = -7*b + 6. Determine o(2).
-8
Let s(v) = -17*v + 5. Give s(1).
-12
Let o(w) = -23*w**2 + 8*w - 8. Calculate o(1).
-23
Let q(y) = -4*y + 104. Determine q(-6).
128
Let g(c) = c + 3. What is g(11)?
14
Let k(r) = -r**2 - 13*r + 13. Calculate k(-10).
43
Let r(a) = 30*a**2 + 13*a - 13. Determine r(1).
30
Let a(j) = -4*j**2 - 59*j + 24. Calculate a(-15).
9
Let b(w) = -2*w - 18. Determine b(-6).
-6
Let z(n) = 2*n**2 - 11*n + 8. Calculate z(7).
29
Let y(d) = -d**2 - 19. Calculate y(0).
-19
Let m(p) = -p**3 + 34*p**2 - 33*p + 7. Determine m(33).
7
Let d(c) = -c**3 + 7*c**2 - 4*c - 5. Determine d(7).
-33
Let d(b) = b**3 + 7*b**2 - 20*b - 22. Calculate d(-9).
-4
Let a(b) = 2*b**3 - 15*b**2 - 9*b - 2. Calculate a(8).
-10
Let n(p) = 8*p**2 + 4*p - 1. What is n(-3)?
59
Let x(a) = -a**3 + 7*a**2 + 3*a - 4. What is x(7)?
17
Let w(f) = -f**3 - 39*f**2 + 79*f - 122. Give w(-41).
1
Let h(t) = 7*t - 10. Determine h(3).
11
Let b(a) = -a**3 - 6*a**2 + 5*a - 4. What is b(-7)?
10
Let n(s) = -2*s**2 + 16*s + 36. Calculate n(-2).
-4
Let r(w) = -3*w + 5. What is r(2)?
-1
Let s(k) = k**2 + 2. Calculate s(6).
38
Let o(t) = -t**3 + 8*t**2 - 4*t + 8. Calculate o(8).
-24
Let v(y) = -45*y + 280. Determine v(6).
10
Let a(x) = -28*x - 202. Calculate a(-7).
-6
Let r(p) = 2*p + 3. Give r(-9).
-15
Let o(z) = -z**3 + z**2 - z + 2. What is o(0)?
2
Let b(s) = s**3 - 7*s**2 + 5*s + 11. Determine b(6).
5
Let g(u) = 10*u - 49. Determine g(8).
31
Let z(x) = -4*x + 24. Give z(-13).
76
Let o(j) = j + 5. Determine o(-16).
-11
Let w(j) = 2*j**2 - 3*j - 36. Give w(-4).
8
Let j(p) = 4*p - 45. Give j(6).
-21
Let b(d) = -d**2 - 7*d - 7. What is b(-5)?
3
Let n(w) = -33*w + 392. Determine n(12).
-4
Let g(m) = -3*m + 7. Give g(7).
-14
Let q(r) = -16*r**2 - 254*r + 29. Calculate q(-16).
-3
Let z(g) = -g**3 + 6*g**2 - 5*g + 3. Determine z(5).
3
Let t(y) = 7*y - 4. What is t(-3)?
-25
Let w(s) = 5*s + 5. Give w(-2).
-5
Let p(y) = -2*y**2 - 30*y - 52. Give p(-13).
0
Let o(y) = -5*y**2 - 88*y - 90. Determine o(-1).
-7
Let k(c) = -c**2 - 10*c - 11. Calculate k(-13).
-50
Let j(o) = -o**3 + 9*o**2 - 52*o + 161. Calculate j(5).
1
Let c(o) = -o**2 - 13*o + 9. Calculate c(-8).
49
Let y(v) = 2*v + 7. Give y(-1).
5
Let m(k) = k**3 + 19*k**2 - 211*k - 35. Give m(8).
5
Let a(t) = -t**2 + t + 4. What is a(0)?
4
Let d(h) = -h**2 - 52*h - 64. Calculate d(-51).
-13
Let r(k) = -k**2 - 9*k - 3. Give r(-7).
11
Let n(w) = w**3 + 6*w**2 + 2*w + 1. What is n(-5)?
16
Let y(j) = 11*j - 66. Give y(6).
0
Let o(c) = -2*c**3 - 7*c**2 + 97*c - 6. Give o(-9).
12
Let p(y) = y**3 - 8*y**2 - 8*y - 7. Calculate p(9).
2
Let v(y) = -3*y**3 + 3*y**2 - 6*y + 4. Give v(1).
-2
Let q(b) = -b**2 + 11*b + 9. What is q(11)?
9
Let r(p) = p - 10. Determine r(5).
-5
Let y(v) = 6*v - 8. Calculate y(4).
16
Let c(s) = -2*s**3 + 29*s**2 + 3*s + 170. What is c(15)?
-10
Let b(z) = -6*z + 8. Calculate b(3).
-10
Let n(c) = -c**2 - 17*c - 26. Give n(-13).
26
Let c(a) = -3*a**2 + 29*a - 7. Give c(10).
-17
Let q(n) = -6*n**2 + 4*n + 2. Calculate q(-1).
-8
Let s(g) = 34*g**3 + g**2 + 5*g + 3. Determine s(-1).
-35
Let d(g) = -6*g - 7. Determine d(-2).
5
Let g(f) = 7*f**2 + 4*f - 15. What is g(-5)?
140
Let u(n) = -2*n - 70. Determine u(-9).
-52
Let s(g) = -g**3 - 17*g**2 - 29*g + 9. What is s(-15)?
-6
Let t(q) = 2*q**3 - 9*q**2 - 2*q - 8. Give t(5).
7
Let w(l) = l**2 + 18*l + 22. Give w(-18).
22
Let f(r) = r**3 - r**2 - 7*r + 12. Determine f(3).
9
Let i(w) = -2*w + 4. Determine i(3).
-2
Let m(z) = -z**2 + 7*z + 29. Determine m(14).
-69
Let f(s) = -2*s + 10. Calculate f(-2).
14
Let o(z) = 26*z + 58. Calculate o(-3).
-20
Let a(n) = -n**2 + 6*n - 18. Give a(4).
-10
Let z(a) = -7*a - 135. Determine z(0).
-135
Let u(s) = -6*s**2 + 3*s - 1. What is u(3)?
-46
Let r(l) = 11*l. Calculate r(4).
44
Let n(i) = -i**2 + 8*i - 11. What is n(10)?
-31
Let s(w) = 2*w - 16. Calculate s(-6).
-28
Let d(h) = 2*h - 23. What is d(13)?
3
Let j(i) = -4*i**2 - 131*i + 173. Determine j(-34).
3
Let f(h) = 7*h + 3. Calculate f(2).
17
Let a(o) = -o**3 + 4*o**2 + 16*o - 46. Give a(5).
9
Let g(m) = 2*m**2 - 22*m + 12. Give g(11).
12
Let w(i) = 2*i**2 + 2*i - 7. Calculate w(3).
17
Let l(o) = 32*o + 1. What is l(1)?
33
Let j(i) = -2*i**3 + 9*i**2 + 8*i + 3. Determine j(7).
-186
Let w(k) = 8*k + 109. Calculate w(-12).
13
Let t(z) = -5*z**2 - 14*z - 11. Determine t(-1).
-2
Let h(n) = -n**3 + 5*n**2 - n. Give h(5).
-5
Let y(b) = -b**3 - 11*b**2 - 21*b - 16. What is y(-9)?
11
Let w(v) = -2*v**3 - 46*v**2 + 4. Calculate w(-23).
4
Let t(i) = -4*i + 39. Calculate t(8).
7
Let h(b) = -b - 4. Determine h(-3).
-1
Let m(o) = 3*o**3 + 38*o**2 - 14*o + 1. Give m(-13).
14
Let l(z) = 9*z - 20. Calculate l(-9).
-101
Let v(o) = o + 5. Calculate v(0).
5
Let u(q) = 8*q - 32. Give u(-6).
-80
Let b(y) = -y**2 + 19*y - 53. What is b(13)?
25
Let c(b) = b**3 + 7*b**2 + 4*b + 9. Calculate c(-6).
21
Let v(h) = 9*h - 108. Determine v(12).
0
Let y(g) = -g**3 - 9*g**2 - 7*g + 3. Give y(-8).
-5
Let j(x) = x**3 + 13*x**2 - 13*x - 28. Determine j(-13).
141
Let t(z) = -14*z + 65. Give t(6).
-19
Let k(b) = b**2 - 14*b + 7. Determine k(13).
-6
Let c(r) = -r**3 - 2*r**2 + 3*r + 1. What is c(-2)?
-5
Let y(x) = -12*x - 24. Calculate y(-11).
108
Let n(k) = 7*k**2 - 79*k - 60. Give n(12).
0
Let w(z) = -z**3 + 6*z**2 - 4*z - 3. Calculate w(4).
13
Let w(d) = d + 16. Calculate w(-13).
3
Let u(x) = 2*x**3 - 20*x**2 + 18*x - 13. Calculate u(9).
-13
Let a(f) = -f**2 + 10*f - 15. Calculate a(7).
6
Let b(d) = -d**3 + 9*d**2 - 20*d + 12. What is b(4)?
12
Let m(c) = c**2 - 12*c - 12. What is m(12)?
-12
Let g(s) = -s**2 - 17*s - 14. Calculate g(-14).
28
Let i(u) = 3*u - 1. Give i(4).
11
Let o(v) = -v**3 - 2*v**2 + 3*v - 2. Calculate o(2).
-12
Let o(l) = -l**2 + 12*l + 15. What is o(-4)?
-49
Let y(w) = -w**3 - 5*w**2 + 2*w - 5. Calculate y(-5).
-15
Let j(g) = 105*g**3 - 2*g**2 + g. Calculate j(1).
104
Let n(r) = -4*r - 46. Determine n(-13).
6
Let v(n) = 3*n**2 + 22*n + 39. Determine v(-4).
-1
Let o(b) = -b**2 + 3*b + 35. What is o(-5)?
-5
Let m(g) = -7*g - 11. Calculate m(-8).
45
Let x(i) = 2*i - 5. What is x(0)?
-5
Let k(q) = 19*q - 279. Calculate k(15).
6
Let s(m) = m**3 - 9*m**2 + 17*m - 70. Determine s(8).
2
Let k(g) = g**3 - 11*g**2 - 14*g + 17. What is k(12)?
-7
Let c(b) = b**3 + 14*b**2 + 2*b + 19. Calculate c(-14).
-9
Let t(a) = 3*a + 39. Determine t(-11).
6
Let f(i) = i**3 - 9*i**2 + 6*i + 10. Calculate f(8).
-6
Let v(h) = -h**3 + 18*h**2 - 41*h - 13. Give v(3).
-1
Let u(k) = -k**2 + 4*k - 23. Calculate u(9).
-68
Let g(d) = -d**3 - 3*d**2 + 2*d + 3. What is g(-4)?
11
Let k(d) = d**3 + 7*d**2 + 13*d + 48. What is k(-6)?
6
Let t(l) = 225*l - 895. What is t(4)?
5
Let m(c) = -2*c**2 - 4*c - 5. Determine m(-3).
-11
Let q(k) = k**3 + k**2 + 11. Determine